{"id":2,"date":"2025-04-25T16:48:37","date_gmt":"2025-04-25T16:48:37","guid":{"rendered":"http:\/\/autokaine.pl\/?page_id=2"},"modified":"2025-06-04T06:45:44","modified_gmt":"2025-06-04T06:45:44","slug":"sample-page","status":"publish","type":"page","link":"https:\/\/autokaine.pl\/","title":{"rendered":"Auto Kaine -Mechanika Diagnostyka"},"content":{"rendered":"\n<h2 class=\"wp-block-heading has-text-align-center\" id=\"witamy-w-nazwa-warsztatu--specjalici-od-bmw-i-samo\">Witamy w Auto Kaine!<\/h2>\n\n\n\n<div class=\"alignnormal\"><div id=\"metaslider-id-35\" style=\"width: 100%; margin: 0 auto;\" class=\"ml-slider-3-98-0 metaslider metaslider-flex metaslider-35 ml-slider ms-theme-nexus has-carousel-mode has-dots-nav\" role=\"region\" aria-roledescription=\"Slideshow\" aria-label=\"New Slideshow\" data-width=\"400\">\n    <div id=\"metaslider_container_35\">\n        <div id=\"metaslider_35\">\n            <ul class='slides'>\n                <li style=\"display: none; width: 100%;\" class=\"slide-43 ms-image \" aria-roledescription=\"slide\" aria-label=\"slide-43\" data-date=\"2025-04-28 10:24:06\"><img loading=\"lazy\" decoding=\"async\" src=\"https:\/\/autokaine.pl\/wp-content\/uploads\/2025\/04\/mechanics-424130_1280-400x250.jpg\" height=\"250\" width=\"400\" alt=\"\" class=\"slider-35 slide-43\" title=\"mechanics-424130_1280\" \/><\/li>\n                <li style=\"display: none; width: 100%;\" class=\"slide-42 ms-image \" aria-roledescription=\"slide\" aria-label=\"slide-42\" data-date=\"2025-04-28 10:24:06\"><img loading=\"lazy\" decoding=\"async\" src=\"https:\/\/autokaine.pl\/wp-content\/uploads\/2025\/04\/bmw-1368279_1280-400x250.jpg\" height=\"250\" width=\"400\" alt=\"\" class=\"slider-35 slide-42\" title=\"bmw-1368279_1280\" \/><\/li>\n                <li style=\"display: none; width: 100%;\" class=\"slide-109 ms-image \" aria-roledescription=\"slide\" aria-label=\"slide-109\" data-date=\"2025-05-03 20:20:34\"><img loading=\"lazy\" decoding=\"async\" src=\"https:\/\/autokaine.pl\/wp-content\/uploads\/2025\/05\/pexels-vadutskevich-17710763-scaled-e1746304026175-400x250.jpg\" height=\"250\" width=\"400\" alt=\"\" class=\"slider-35 slide-109\" title=\"pexels-vadutskevich-17710763\" \/><\/li>\n                <li style=\"display: none; width: 100%;\" class=\"slide-107 ms-image \" aria-roledescription=\"slide\" aria-label=\"slide-107\" data-date=\"2025-05-03 20:18:50\"><img loading=\"lazy\" decoding=\"async\" src=\"https:\/\/autokaine.pl\/wp-content\/uploads\/2025\/05\/pexels-ruvim-1807011-3767673-scaled-e1746303605517-400x250.jpg\" height=\"250\" width=\"400\" alt=\"\" class=\"slider-35 slide-107\" title=\"pexels-ruvim-1807011-3767673\" \/><\/li>\n                <li style=\"display: none; width: 100%;\" class=\"slide-41 ms-image \" aria-roledescription=\"slide\" aria-label=\"slide-41\" data-date=\"2025-04-28 10:24:06\"><img loading=\"lazy\" decoding=\"async\" src=\"https:\/\/autokaine.pl\/wp-content\/uploads\/2025\/04\/bmw-3342135_1280-400x250.jpg\" height=\"250\" width=\"400\" alt=\"\" class=\"slider-35 slide-41\" title=\"bmw-3342135_1280\" \/><\/li>\n                <li style=\"display: none; width: 100%;\" class=\"slide-40 ms-image \" aria-roledescription=\"slide\" aria-label=\"slide-40\" data-date=\"2025-04-28 10:24:06\"><img loading=\"lazy\" decoding=\"async\" src=\"https:\/\/autokaine.pl\/wp-content\/uploads\/2025\/04\/bmw-1216469_1280-1-400x250.jpg\" height=\"250\" width=\"400\" alt=\"\" class=\"slider-35 slide-40\" title=\"bmw-1216469_1280\" \/><\/li>\n            <\/ul>\n        <\/div>\n        \n    <\/div>\n<\/div><\/div>\n\n\n\n<p>Jeste\u015bmy profesjonalnym warsztatem samochodowym z wieloletnim do\u015bwiadczeniem w kompleksowej naprawie i serwisie aut marki BMW oraz pojazd\u00f3w ameryka\u0144skiej marki Dodge. Nasza specjalizacja pozwala nam oferowa\u0107 us\u0142ugi na najwy\u017cszym poziomie, dostosowane do specyfiki i wymaga\u0144 tych marek.<\/p>\n\n\n\n<h2 class=\"wp-block-heading\" id=\"nasze-usugi\">Nasze us\u0142ugi<\/h2>\n\n\n\n<h3 class=\"wp-block-heading\">Serwis i naprawa BMW<\/h3>\n\n\n\n<ul class=\"wp-block-list\">\n<li>Diagnostyka komputerowa i mechaniczna<\/li>\n\n\n\n<li>Naprawy silnik\u00f3w, uk\u0142ad\u00f3w hamulcowych i zawieszenia<\/li>\n\n\n\n<li>Przegl\u0105dy okresowe i wymiana oleju<\/li>\n<\/ul>\n\n\n\n<h3 class=\"wp-block-heading\">Kompleksowa obs\u0142uga aut ameryka\u0144skich<\/h3>\n\n\n\n<ul class=\"wp-block-list\">\n<li>Naprawy mechaniczne <\/li>\n\n\n\n<li>Szybkie sprowadzanie oryginalnych cz\u0119\u015bci zamiennych<\/li>\n\n\n\n<li>Serwis elektrotechniki samochodowej i naprawa uszkodze\u0144 powypadkowych<\/li>\n<\/ul>\n\n\n\n<h2 class=\"wp-block-heading\" id=\"dlaczego-my\">Dlaczego my?<\/h2>\n\n\n\n<ul class=\"wp-block-list\">\n<li><strong>Specjalizacja w BMW i samochodach z USA<\/strong>&nbsp;\u2013 znamy ich budow\u0119, specyfik\u0119 i wymagania, co pozwala nam na precyzyjn\u0105 i skuteczn\u0105 napraw\u0119.<\/li>\n\n\n\n<li><strong>Do\u015bwiadczeni mechanicy<\/strong>&nbsp;\u2013 nasz zesp\u00f3\u0142 to wykwalifikowani specjali\u015bci z pasj\u0105 i praktyk\u0105 w serwisowaniu tych marek.<\/li>\n\n\n\n<li><strong>Szybka i kompleksowa obs\u0142uga<\/strong>&nbsp;\u2013 od diagnostyki po napraw\u0119, wszystko w jednym miejscu.<\/li>\n\n\n\n<li><strong>Dost\u0119p do oryginalnych cz\u0119\u015bci<\/strong>&nbsp;\u2013 wsp\u00f3\u0142pracujemy z zaufanymi dostawcami, co gwarantuje jako\u015b\u0107 i trwa\u0142o\u015b\u0107 napraw.<\/li>\n\n\n\n<li><strong>Przyjazna atmosfera i wsparcie klienta<\/strong>&nbsp;\u2013 oferujemy pomoc w doborze us\u0142ug.<\/li>\n<\/ul>\n\n\n\n<h2 class=\"wp-block-heading\">Opinie naszych klient\u00f3w:<\/h2>\n\n\n<pre class=\"ti-widget\"><template id=\"trustindex-google-widget-html\"><div class=\" ti-widget  ti-goog ti-review-text-mode-readmore ti-text-align-left\" data-no-translation=\"true\" data-time-locale=\"%d %s temu|dzi\u015b|dzie\u0144|dni|tydzie\u0144|tygodni|miesi\u0105c|miesi\u0119cy|rok|lat\" data-plugin-version=\"13.2.9\" data-layout-id=\"5\" data-layout-category=\"slider\" data-set-id=\"light-background\" data-pid=\"\" data-language=\"pl\" data-close-locale=\"Zamkn\u0105\u0107\" data-review-target-width=\"275\" data-css-version=\"2\" data-reply-by-locale=\"Odpowied\u017a w\u0142a\u015bciciela\" data-only-rating-locale=\"Ten u\u017cytkownik wystawi\u0142 tylko ocen\u0119.\" data-pager-autoplay-timeout=\"6\"> <div class=\"ti-widget-container ti-col-4\"> <div class=\"ti-footer ti-footer-grid source-Google\"> <div class=\"ti-fade-container\"> <div class=\"ti-rating-text\"> <strong class=\"ti-rating ti-rating-large\"> DOSKONA\u0141A <\/strong> <\/div> <span class=\"ti-stars star-lg\"><trustindex-image class=\"ti-star\" data-imgurl=\"https:\/\/cdn.trustindex.io\/assets\/platform\/Google\/star\/f.svg\" alt=\"Google star 1\" width=\"17\" height=\"17\" loading=\"lazy\"><\/trustindex-image><trustindex-image class=\"ti-star\" data-imgurl=\"https:\/\/cdn.trustindex.io\/assets\/platform\/Google\/star\/f.svg\" alt=\"Google star 2\" width=\"17\" height=\"17\" loading=\"lazy\"><\/trustindex-image><trustindex-image class=\"ti-star\" data-imgurl=\"https:\/\/cdn.trustindex.io\/assets\/platform\/Google\/star\/f.svg\" alt=\"Google star 3\" width=\"17\" height=\"17\" loading=\"lazy\"><\/trustindex-image><trustindex-image class=\"ti-star\" data-imgurl=\"https:\/\/cdn.trustindex.io\/assets\/platform\/Google\/star\/f.svg\" alt=\"Google star 4\" width=\"17\" height=\"17\" loading=\"lazy\"><\/trustindex-image><trustindex-image class=\"ti-star\" data-imgurl=\"https:\/\/cdn.trustindex.io\/assets\/platform\/Google\/star\/h.svg\" alt=\"Google star 5.0.6\" width=\"17\" height=\"17\" loading=\"lazy\"><\/trustindex-image><\/span> <div class=\"ti-rating-text\"> <span class=\"nowrap\">Na podstawie <strong>118 opinii<\/strong><\/span> <\/div> <div class=\"ti-large-logo\"> <div class=\"ti-v-center\"> <trustindex-image class=\"ti-logo-fb\" data-imgurl=\"https:\/\/cdn.trustindex.io\/assets\/platform\/Google\/logo.svg\" width=\"150\" height=\"25\" loading=\"lazy\" alt=\"Google\"><\/trustindex-image> <\/div> <\/div> <\/div> <\/div> <div class=\"ti-reviews-container\"> <div class=\"ti-controls\"> <div class=\"ti-next\" aria-label=\"Nast\u0119pna recenzj\u0119\" role=\"button\" tabindex=\"0\"><\/div> <div class=\"ti-prev\" aria-label=\"Poprzednia recenzj\u0119\" role=\"button\" tabindex=\"0\"><\/div> <\/div> <div class=\"ti-reviews-container-wrapper\">  <div data-empty=\"0\" data-time=\"1745280000\" class=\"ti-review-item source-Google ti-image-layout-thumbnail\" data-id=\"cfcd208495d565ef66e7dff9f98764da\"> <div class=\"ti-inner\"> <div class=\"ti-review-header\"> <div class=\"ti-platform-icon ti-with-tooltip\"> <span class=\"ti-tooltip\">Opublikowano na <\/span> <trustindex-image data-imgurl=\"https:\/\/cdn.trustindex.io\/assets\/platform\/Google\/icon.svg\" alt=\"\" width=\"20\" height=\"20\" loading=\"lazy\"><\/trustindex-image> <\/div> <div class=\"ti-profile-img\"> <trustindex-image data-imgurl=\"https:\/\/lh3.googleusercontent.com\/a-\/ALV-UjXtc1BINBi2-afPLJZtlr3kxPTgAlCV3N-FBNjfaDvy1ijiPsE=w40-h40-c-rp-mo-br100\" alt=\"Daniel95 K profile picture\" loading=\"lazy\"><\/trustindex-image> <\/div> <div class=\"ti-profile-details\"> <div class=\"ti-name\"> Daniel95 K <\/div> <div class=\"ti-date\"><\/div> <\/div> <\/div> <span class=\"ti-stars\"><trustindex-image class=\"ti-star\" data-imgurl=\"https:\/\/cdn.trustindex.io\/assets\/platform\/Google\/star\/f.svg\" alt=\"Google star 1\" width=\"17\" height=\"17\" loading=\"lazy\"><\/trustindex-image><trustindex-image class=\"ti-star\" data-imgurl=\"https:\/\/cdn.trustindex.io\/assets\/platform\/Google\/star\/f.svg\" alt=\"Google star 2\" width=\"17\" height=\"17\" loading=\"lazy\"><\/trustindex-image><trustindex-image class=\"ti-star\" data-imgurl=\"https:\/\/cdn.trustindex.io\/assets\/platform\/Google\/star\/f.svg\" alt=\"Google star 3\" width=\"17\" height=\"17\" loading=\"lazy\"><\/trustindex-image><trustindex-image class=\"ti-star\" data-imgurl=\"https:\/\/cdn.trustindex.io\/assets\/platform\/Google\/star\/f.svg\" alt=\"Google star 4\" width=\"17\" height=\"17\" loading=\"lazy\"><\/trustindex-image><trustindex-image class=\"ti-star\" data-imgurl=\"https:\/\/cdn.trustindex.io\/assets\/platform\/Google\/star\/f.svg\" alt=\"Google star 5\" width=\"17\" height=\"17\" loading=\"lazy\"><\/trustindex-image><span class=\"ti-verified-review ti-verified-platform\"><span class=\"ti-verified-tooltip\">Trustindex sprawdza, czy pierwotnym \u017ar\u00f3d\u0142em recenzji jest Google.<\/span><\/span><\/span> <div class=\"ti-review-text-container ti-review-content\"><!-- R-CONTENT -->Warsztat godny polecenia !. Wszystko zrobione tak jak trzeba. Silnik i auto odebra\u0142em bardzo czyste. Dobry kontakt z w\u0142a\u015bcicielem,zdj\u0119cia z naprawy nabie\u017c\u0105co przesy\u0142ane MMS. Jak najbardziej polecam ten warsztat !<!-- R-CONTENT --><\/div> <span class=\"ti-read-more\" data-container=\".ti-review-content\" data-collapse-text=\"Ukryj\" data-open-text=\"Czytaj wi\u0119cej\"><\/span> <\/div> <\/div>  <div data-empty=\"0\" data-time=\"1730592000\" class=\"ti-review-item source-Google ti-image-layout-thumbnail\" data-id=\"cfcd208495d565ef66e7dff9f98764da\"> <div class=\"ti-inner\"> <div class=\"ti-review-header\"> <div class=\"ti-platform-icon ti-with-tooltip\"> <span class=\"ti-tooltip\">Opublikowano na <\/span> <trustindex-image data-imgurl=\"https:\/\/cdn.trustindex.io\/assets\/platform\/Google\/icon.svg\" alt=\"\" width=\"20\" height=\"20\" loading=\"lazy\"><\/trustindex-image> <\/div> <div class=\"ti-profile-img\"> <trustindex-image data-imgurl=\"https:\/\/lh3.googleusercontent.com\/a-\/ALV-UjVBmeuM-i-ywZyxefG-mwmwP0UL8DFDKhNwl72MnY2zjEQx_13ztA=w40-h40-c-rp-mo-ba6-br100\" alt=\"Slawomir Ryl profile picture\" loading=\"lazy\"><\/trustindex-image> <\/div> <div class=\"ti-profile-details\"> <div class=\"ti-name\"> Slawomir Ryl <\/div> <div class=\"ti-date\"><\/div> <\/div> <\/div> <span class=\"ti-stars\"><trustindex-image class=\"ti-star\" data-imgurl=\"https:\/\/cdn.trustindex.io\/assets\/platform\/Google\/star\/f.svg\" alt=\"Google star 1\" width=\"17\" height=\"17\" loading=\"lazy\"><\/trustindex-image><trustindex-image class=\"ti-star\" data-imgurl=\"https:\/\/cdn.trustindex.io\/assets\/platform\/Google\/star\/f.svg\" alt=\"Google star 2\" width=\"17\" height=\"17\" loading=\"lazy\"><\/trustindex-image><trustindex-image class=\"ti-star\" data-imgurl=\"https:\/\/cdn.trustindex.io\/assets\/platform\/Google\/star\/f.svg\" alt=\"Google star 3\" width=\"17\" height=\"17\" loading=\"lazy\"><\/trustindex-image><trustindex-image class=\"ti-star\" data-imgurl=\"https:\/\/cdn.trustindex.io\/assets\/platform\/Google\/star\/f.svg\" alt=\"Google star 4\" width=\"17\" height=\"17\" loading=\"lazy\"><\/trustindex-image><trustindex-image class=\"ti-star\" data-imgurl=\"https:\/\/cdn.trustindex.io\/assets\/platform\/Google\/star\/f.svg\" alt=\"Google star 5\" width=\"17\" height=\"17\" loading=\"lazy\"><\/trustindex-image><span class=\"ti-verified-review ti-verified-platform\"><span class=\"ti-verified-tooltip\">Trustindex sprawdza, czy pierwotnym \u017ar\u00f3d\u0142em recenzji jest Google.<\/span><\/span><\/span> <div class=\"ti-review-text-container ti-review-content\"><!-- R-CONTENT -->Szybko sprawnie fachowo  \ud83d\ude01<!-- R-CONTENT --><\/div> <span class=\"ti-read-more\" data-container=\".ti-review-content\" data-collapse-text=\"Ukryj\" data-open-text=\"Czytaj wi\u0119cej\"><\/span> <\/div> <\/div>  <div data-empty=\"0\" data-time=\"1729641600\" class=\"ti-review-item source-Google ti-image-layout-thumbnail\" data-id=\"cfcd208495d565ef66e7dff9f98764da\"> <div class=\"ti-inner\"> <div class=\"ti-review-header\"> <div class=\"ti-platform-icon ti-with-tooltip\"> <span class=\"ti-tooltip\">Opublikowano na <\/span> <trustindex-image data-imgurl=\"https:\/\/cdn.trustindex.io\/assets\/platform\/Google\/icon.svg\" alt=\"\" width=\"20\" height=\"20\" loading=\"lazy\"><\/trustindex-image> <\/div> <div class=\"ti-profile-img\"> <trustindex-image data-imgurl=\"https:\/\/lh3.googleusercontent.com\/a-\/ALV-UjXXt39CpmoIUh9IIoYQ4sktY2gK8a7yykGtCjXGNz5WHyYyogPQ=w40-h40-c-rp-mo-br100\" alt=\"Kamil \u0141yziak profile picture\" loading=\"lazy\"><\/trustindex-image> <\/div> <div class=\"ti-profile-details\"> <div class=\"ti-name\"> Kamil \u0141yziak <\/div> <div class=\"ti-date\"><\/div> <\/div> <\/div> <span class=\"ti-stars\"><trustindex-image class=\"ti-star\" data-imgurl=\"https:\/\/cdn.trustindex.io\/assets\/platform\/Google\/star\/f.svg\" alt=\"Google star 1\" width=\"17\" height=\"17\" loading=\"lazy\"><\/trustindex-image><trustindex-image class=\"ti-star\" data-imgurl=\"https:\/\/cdn.trustindex.io\/assets\/platform\/Google\/star\/f.svg\" alt=\"Google star 2\" width=\"17\" height=\"17\" loading=\"lazy\"><\/trustindex-image><trustindex-image class=\"ti-star\" data-imgurl=\"https:\/\/cdn.trustindex.io\/assets\/platform\/Google\/star\/f.svg\" alt=\"Google star 3\" width=\"17\" height=\"17\" loading=\"lazy\"><\/trustindex-image><trustindex-image class=\"ti-star\" data-imgurl=\"https:\/\/cdn.trustindex.io\/assets\/platform\/Google\/star\/f.svg\" alt=\"Google star 4\" width=\"17\" height=\"17\" loading=\"lazy\"><\/trustindex-image><trustindex-image class=\"ti-star\" data-imgurl=\"https:\/\/cdn.trustindex.io\/assets\/platform\/Google\/star\/f.svg\" alt=\"Google star 5\" width=\"17\" height=\"17\" loading=\"lazy\"><\/trustindex-image><span class=\"ti-verified-review ti-verified-platform\"><span class=\"ti-verified-tooltip\">Trustindex sprawdza, czy pierwotnym \u017ar\u00f3d\u0142em recenzji jest Google.<\/span><\/span><\/span> <div class=\"ti-review-text-container ti-review-content\"><!-- R-CONTENT -->Dla mnie bomba \ud83d\udcaa<!-- R-CONTENT --><\/div> <span class=\"ti-read-more\" data-container=\".ti-review-content\" data-collapse-text=\"Ukryj\" data-open-text=\"Czytaj wi\u0119cej\"><\/span> <\/div> <\/div>  <div data-empty=\"0\" data-time=\"1724371200\" class=\"ti-review-item source-Google ti-image-layout-thumbnail\" data-id=\"cfcd208495d565ef66e7dff9f98764da\"> <div class=\"ti-inner\"> <div class=\"ti-review-header\"> <div class=\"ti-platform-icon ti-with-tooltip\"> <span class=\"ti-tooltip\">Opublikowano na <\/span> <trustindex-image data-imgurl=\"https:\/\/cdn.trustindex.io\/assets\/platform\/Google\/icon.svg\" alt=\"\" width=\"20\" height=\"20\" loading=\"lazy\"><\/trustindex-image> <\/div> <div class=\"ti-profile-img\"> <trustindex-image data-imgurl=\"https:\/\/lh3.googleusercontent.com\/a-\/ALV-UjUqKwmCXald-rf44hveoUWswTzgrit2Oa-gvWfU8QiPV-JEvGpY=w40-h40-c-rp-mo-ba2-br100\" alt=\"Rafa\u0142 Budzin\u015bki profile picture\" loading=\"lazy\"><\/trustindex-image> <\/div> <div class=\"ti-profile-details\"> <div class=\"ti-name\"> Rafa\u0142 Budzin\u015bki <\/div> <div class=\"ti-date\"><\/div> <\/div> <\/div> <span class=\"ti-stars\"><trustindex-image class=\"ti-star\" data-imgurl=\"https:\/\/cdn.trustindex.io\/assets\/platform\/Google\/star\/f.svg\" alt=\"Google star 1\" width=\"17\" height=\"17\" loading=\"lazy\"><\/trustindex-image><trustindex-image class=\"ti-star\" data-imgurl=\"https:\/\/cdn.trustindex.io\/assets\/platform\/Google\/star\/f.svg\" alt=\"Google star 2\" width=\"17\" height=\"17\" loading=\"lazy\"><\/trustindex-image><trustindex-image class=\"ti-star\" data-imgurl=\"https:\/\/cdn.trustindex.io\/assets\/platform\/Google\/star\/f.svg\" alt=\"Google star 3\" width=\"17\" height=\"17\" loading=\"lazy\"><\/trustindex-image><trustindex-image class=\"ti-star\" data-imgurl=\"https:\/\/cdn.trustindex.io\/assets\/platform\/Google\/star\/f.svg\" alt=\"Google star 4\" width=\"17\" height=\"17\" loading=\"lazy\"><\/trustindex-image><trustindex-image class=\"ti-star\" data-imgurl=\"https:\/\/cdn.trustindex.io\/assets\/platform\/Google\/star\/f.svg\" alt=\"Google star 5\" width=\"17\" height=\"17\" loading=\"lazy\"><\/trustindex-image><span class=\"ti-verified-review ti-verified-platform\"><span class=\"ti-verified-tooltip\">Trustindex sprawdza, czy pierwotnym \u017ar\u00f3d\u0142em recenzji jest Google.<\/span><\/span><\/span> <div class=\"ti-review-text-container ti-review-content\"><!-- R-CONTENT -->M\u00f3j samoch\u00f3d praktycznie nadawa\u0142 si\u0119 do kasacji i mog\u0119 z czystym sumieniem poleci\u0107 mechanika.Czlowiek zna si\u0119 na rzeczy,dok\u0142adny i bardzo rzetelny.  Auto odebra\u0142em umyte wyczyszczone i z nowym silnikiem pod maska . Polecam !!<!-- R-CONTENT --><\/div> <span class=\"ti-read-more\" data-container=\".ti-review-content\" data-collapse-text=\"Ukryj\" data-open-text=\"Czytaj wi\u0119cej\"><\/span> <\/div> <\/div>  <\/div> <div class=\"ti-controls-line\"> <div class=\"dot\"><\/div> <\/div>   <div class=\"ti-verified-by ti-verified-by-row\" data-style=\"1\"> <div class=\"ti-inner\"> Potwierdzono przez: Trustindex <span class=\"ti-info-icon\"><\/span> <div class=\"ti-disclaimer\">Zweryfikowana odznaka Trustindex to Uniwersalny Symbol Zaufania. Tylko najlepsze firmy mog\u0105 uzyska\u0107 zweryfikowan\u0105 odznak\u0119 z ocen\u0105 powy\u017cej 4.5, na podstawie opinii klient\u00f3w z ostatnich 12 miesi\u0119cy. <a href=\"https:\/\/www.trustindex.io\/?a=sys&amp;c=wp-verified-badge&amp;url=\/the-trustindex-verified-badge\/\" target=\"_blank\">Przeczytaj wi\u0119cej<\/a><\/div> <\/div> <\/div>  <\/div> <\/div> <\/div> <\/template><\/pre><div data-src=\"https:\/\/cdn.trustindex.io\/loader.js?wp-widget\" data-template-id=\"trustindex-google-widget-html\" data-css-url=\"https:\/\/autokaine.pl\/wp-content\/uploads\/trustindex-google-widget.css?1776179302\"><\/div>\n\n\n<h2 class=\"wp-block-heading\" id=\"skontaktuj-si-z-nami\">Dojazd:<\/h2>\n\n\n\n<div class=\"wp-block-group is-layout-constrained wp-block-group-is-layout-constrained\">\n<div class=\"wp-block-columns is-layout-flex wp-container-core-columns-is-layout-28f84493 wp-block-columns-is-layout-flex\">\n<div class=\"wp-block-column is-vertically-aligned-center is-layout-constrained wp-block-column-is-layout-constrained\">\n<div style=\"text-align: center;\">\n  <iframe src=\"https:\/\/www.google.com\/maps\/embed?pb=!1m18!1m12!1m3!1d2403.584792301045!2d18.68776141189703!3d52.95589370375079!2m3!1f0!2f0!3f0!3m2!1i1024!2i768!4f13.1!3m3!1m2!1s0x471cca78d8dc351d%3A0x7727dcfdf6902cb!2sAuto%20Kaine%20Mechanika%20Diagnostyka%20BMW!5e0!3m2!1spl!2spl!4v1745677576942!5m2!1spl!2spl\" width=\"600\" height=\"450\" style=\"border:0;\" allowfullscreen=\"\" loading=\"lazy\" referrerpolicy=\"no-referrer-when-downgrade\"><\/iframe>\n<\/div>\n<\/div>\n<\/div>\n<\/div>\n","protected":false},"excerpt":{"rendered":"<p>Witamy w Auto Kaine! Jeste\u015bmy profesjonalnym warsztatem samochodowym z wieloletnim do\u015bwiadczeniem w kompleksowej naprawie i serwisie aut marki BMW oraz pojazd\u00f3w ameryka\u0144skiej marki Dodge. Nasza specjalizacja pozwala nam oferowa\u0107 us\u0142ugi na najwy\u017cszym poziomie, dostosowane do specyfiki i wymaga\u0144 tych marek. Nasze us\u0142ugi Serwis i naprawa BMW Kompleksowa obs\u0142uga aut ameryka\u0144skich Dlaczego my? Opinie naszych klient\u00f3w: [&hellip;]<\/p>\n","protected":false},"author":1,"featured_media":0,"parent":0,"menu_order":0,"comment_status":"closed","ping_status":"open","template":"","meta":{"footnotes":""},"class_list":["post-2","page","type-page","status-publish","hentry"],"blocksy_meta":[],"_links":{"self":[{"href":"https:\/\/autokaine.pl\/index.php\/wp-json\/wp\/v2\/pages\/2","targetHints":{"allow":["GET"]}}],"collection":[{"href":"https:\/\/autokaine.pl\/index.php\/wp-json\/wp\/v2\/pages"}],"about":[{"href":"https:\/\/autokaine.pl\/index.php\/wp-json\/wp\/v2\/types\/page"}],"author":[{"embeddable":true,"href":"https:\/\/autokaine.pl\/index.php\/wp-json\/wp\/v2\/users\/1"}],"replies":[{"embeddable":true,"href":"https:\/\/autokaine.pl\/index.php\/wp-json\/wp\/v2\/comments?post=2"}],"version-history":[{"count":20,"href":"https:\/\/autokaine.pl\/index.php\/wp-json\/wp\/v2\/pages\/2\/revisions"}],"predecessor-version":[{"id":126,"href":"https:\/\/autokaine.pl\/index.php\/wp-json\/wp\/v2\/pages\/2\/revisions\/126"}],"wp:attachment":[{"href":"https:\/\/autokaine.pl\/index.php\/wp-json\/wp\/v2\/media?parent=2"}],"curies":[{"name":"wp","href":"https:\/\/api.w.org\/{rel}","templated":true}]}}